 -h**2 - 16*h + 65. Let d be o(-19). Calculate l(d).
-5
Let z(j) = 2*j**2 - 142*j + 891. Let a be z(7). Let d(k) = -5*k**2 - 8*k + 12. Give d(a).
-73
Let o(p) = p**2 - 3*p + 5. Let g(u) = 17*u**2 - 2*u - 4. Let a be g(2). Suppose 9*q - a = 4*q. Suppose 0 = 2*l - 4*t - 8, -3*l + q = 5*t - t. What is o(l)?
9
Let g(v) = -10*v**3 + 23*v**2 + 21*v + 24. Let t(f) = 7*f**3 - 21*f**2 - 20*f - 24. Let k(p) = 2*g(p) + 3*t(p). Calculate k(18).
-24
Let z(v) = 4343 - 1444 - 1454 - 1466 - v. Determine z(-5).
-16
Let i(q) = 7*q - 23*q + 18959 + 19074 - 38214. Determine i(-11).
-5
Let m = 6007 - 5996. Let r(s) = -s**2 + 19*s - 95. Determine r(m).
-7
Let t be (-6)/(-2) - (-1 + -6 + 8). Let s(i) = t*i + 17*i - 18*i - 9. Calculate s(6).
-3
Let q(z) be the third derivative of 8*z + z**2 + 0*z**4 + 0 + 1/6*z**3 - 1/6*z**5. Calculate q(1).
-9
Let n(m) be the second derivative of m**7/840 - m**6/360 + m**5/120 - m**4/12 - 3*m**3/2 + m**2 - m - 98. Let h(x) be the second derivative of n(x). Give h(2).
4
Let q(s) be the second derivative of -4*s**3/3 + s**2/2 - 17*s. Let l be (-14 + 16 + -1)/(-1). Give q(l).
9
Let x(i) = 5558*i + 5563*i - 11139*i - i**2 + 70. Give x(-21).
7
Let n(q) = 5*q + 6. Let t = -3801 + 3806. What is n(t)?
31
Let c(h) be the first derivative of h**4/2 - h**3 - 5*h**2/2 + 7*h - 575. Determine c(4).
67
Let s(t) = -2*t**3 - 10*t**2 - 3*t - 14. Let b(r) = -r**3 - 9*r**2 - 4*r - 13. Let q(v) = 3*b(v) - 2*s(v). Let k = 1617 + -1609. Calculate q(k).
5
Let b(l) = -3*l + 4. Let a be 22/(-5)*2*25/(-20). Suppose 2*v - a = -g, -6*v + g = -4*v - 1. What is b(v)?
-5
Let a(o) = 3*o**3 - 3*o**2 + 5 + 0*o**2 - 7*o + 2*o**2. Let v(u) = -8*u + 27*u**3 - 7*u**3 + 5 - 16*u**3 + 0. Let z(j) = 5*a(j) - 4*v(j). Give z(-5).
20
Let l(f) = 118*f + 186. Let d(r) = -21*r - 37. Let w(k) = -11*d(k) - 2*l(k). What is w(4)?
15
Let x be 150360/(-10080) - 30/(-2). Let y(w) be the second derivative of -1/2*w**2 + 0 - 29*w + 0*w**3 + x*w**4. Give y(1).
0
Let b(t) be the first derivative of 7*t**2 + 7*t + 1582. Give b(-5).
-63
Let b(k) = -2*k**2 - 34*k - 9. Let i(h) = -2*h**2 + 148*h - 1292. Let r be i(10). What is b(r)?
111
Let g(i) = -i + 2. Let s be g(6). Let m(n) be the second derivative of -n**3/6 - n**2/2 - 29058*n. Calculate m(s).
3
Let a(t) be the second derivative of -3*t - 1/3*t**3 - 9/2*t**2 + 0. Suppose -4 = v - 3*g, 35*g - 27 = 4*v + 34*g. Determine a(v).
5
Let p(i) = -i**2 + 13*i - 9. Let u(j) = 63*j + 1397. Let r be u(-22). What is p(r)?
13
Let x(g) be the second derivative of -g**5/20 - 7*g**4/12 - 4*g**3/3 - 3*g**2/2 - 2*g. Suppose p = 2*p + 8*k + 54, -2*k - 36 = 4*p. Determine x(p).
9
Let j(w) = 5*w**2 - 11*w + 34. Let x(h) = 6*h**2 - 12*h + 41. Let m(f) = -7*j(f) + 6*x(f). Calculate m(-3).
2
Let y = 33 + 110. Let f(o) = -y*o**2 + 284*o**2 - 140*o**2 + 6 - 4*o. What is f(4)?
6
Let p = 2563 - 5125/2. Let y(w) be the second derivative of -1/6*w**3 + w + 0 + p*w**2. Calculate y(-4).
5
Let w(q) = -9*q**2 - 2*q - 3. Suppose -20 = 5*b + 3*u, -5*u = -88*b + 90*b + 27. Calculate w(b).
-10
Suppose 13*l + 272 = 259. Let z(x) = -8*x**2 - 2*x. Calculate z(l).
-6
Let z(t) = 5*t**3 - 5*t**2 + 6*t - 2. Let v(s) be the first derivative of 11*s**4/4 - 11*s**3/3 + 13*s**2/2 - 3*s - 18. Let k(w) = 4*v(w) - 9*z(w). Give k(0).
6
Let a(s) be the second derivative of -5*s**4/6 - s**3 + 11*s**2/2 + s - 914. Determine a(2).
-41
Suppose 2*f + 0*n - 10 = 2*n, 0 = 5*n. Let s(g) = 2*g + 4*g - f + 0*g - 3*g. Calculate s(-8).
-29
Suppose 919 - 913 = 2*l. Let y(n) = 3*n**3 - 3*n**2 - n + 9. Give y(l).
60
Let v = -3053 + 3088. Let q(m) = m**2 - 34*m - 14. Calculate q(v).
21
Let x(r) = -2*r + 9. Let h(f) = -4*f + 19. Let m(w) = -6*h(w) + 13*x(w). Suppose -68*o + 12153 = 12493. Determine m(o).
13
Let i(y) = y + 0*y + 2*y - y**2. Let s = 108871 - 108867. Calculate i(s).
-4
Let j(k) be the third derivative of 6*k**2 - 1/120*k**6 + 0 - 1/6*k**5 + 13/6*k**3 + 2*k + 13/24*k**4. What is j(-11)?
-9
Let a(n) = -207 - 16*n + 80 + 0*n + 79. What is a(-3)?
0
Let t(k) be the second derivative of 5*k**3/6 - 15*k**2/2 + 48*k + 4. Determine t(0).
-15
Let m be (1 + 0)/((-30)/(-120)). Suppose -5*x + 3*v + 9 = -27, -16 = -m*x - 4*v. Let o(q) = q**3 - 7*q**2 + 4*q - 4. What is o(x)?
-16
Let t(k) = k**2 + 8*k + 1. Suppose -d - 1276 = 10*d. Let p = d + 8. Let h = 100 + p. What is t(h)?
1
Let q(s) be the first derivative of s**4/4 - 5*s**3 - s - 1. Let t = 791075 - 791060. Calculate q(t).
-1
Let t be -1*(8 + -1)/(-1). Let f(y) = -12*y + 0 + 19*y - 111*y**3 + 6*y**2 + 0 + 60*y**3 + 50*y**3 - 3. What is f(t)?
-3
Let q be 1/(882/(-36) - -25). Let t(m) = -17*m**2 - 4*m + 2. Determine t(q).
-74
Let m = 293 - 399. Let b be m/18 + (-22)/198. Let n(w) = 2*w**2 + 16*w + 18. Let z(a) = 3*a**2 + 24*a + 27. Let r(t) = 8*n(t) - 5*z(t). What is r(b)?
-3
Let a(q) = -6*q**2 - 15*q - 106. Let c(g) = 7*g**2 + 17*g + 130. Let p(l) = 6*a(l) + 5*c(l). What is p(-8)?
-10
Let s(g) = -g**3 - 7*g**2 + 5*g - 18. Let x be s(-8). Let a(q) = 11*q - 7 + 5 - x - 12*q. Determine a(0).
-8
Let h(a) be the first derivative of -a**4/4 + 2*a**3 - 3*a**2 - 10*a + 1707. What is h(5)?
-15
Let l(s) = s**3 + 0*s - 5*s**3 + 7*s**3 - 7*s - 3*s**2 + 6*s. Determine l(2).
10
Let p be (-19 - 4) + 13 - (-28)/(-28). Let y(s) = -6*s - 10. Let u(h) = -5*h - 10. Let c(x) = 5*u(x) - 4*y(x). Calculate c(p).
1
Let z(h) = 4*h + 5. Let k(g) = 4*g**3 + 7*g**2 - 6*g - 1. Let r be k(5). Let y be r/154 + (-4)/22. Suppose -9*u - y = 32. Calculate z(u).
-11
Let k(h) = -9*h**2 + 188*h + 640. Let t(c) = -25*c**2 + 538*c + 1918. Let p(j) = 11*k(j) - 4*t(j). What is p(-7)?
5
Suppose -2*y + 17 = 2*g - 5, 0 = 5*y - 2*g - 48. Let u be (y/6 + -9)*(-6)/(-4). Let x(w) = -w**3 - 10*w**2 + 10*w - 7. Determine x(u).
4
Let s = -5580 + 5568. Let a(q) = 2*q**2 + 25*q + 6. What is a(s)?
-6
Let i(u) = -u**3 + 3*u**2 + 5*u. Let w be ((-684)/285)/(3*(-2)/10). What is i(w)?
4
Let w(f) = -f**3 + f**2 + 7*f - 10. Let u be (-18)/2 - (47 + -60). Give w(u).
-30
Let a(j) = 7*j + 4. Let x(t) = 3*t + 2. Let p(z) = 4*a(z) - 9*x(z). Suppose 0 = 4*h - 9 - 7. Suppose 8 = h*u + 20. What is p(u)?
-5
Let i(f) = 149*f - 5 + 4 + 149*f - 461*f + 158*f. Let g(y) = -y + 3. Let v be g(4). What is i(v)?
4
Suppose 0 = -27*c - 72 - 36. Let d(r) = -r**2 + 20*r + 3. Let t(n) = -n**2 + 18*n + 2. Let m(o) = c*t(o) + 3*d(o). What is m(12)?
1
Let s(x) = x**3 - 5*x**2 + 7*x - 41. Let r(q) = 3*q - 10. Let c be r(5). Let t be s(c). Let z(a) = a**3 + 7*a**2 + 7*a + 7. Calculate z(t).
1
Let l(z) = 2*z**2 + 103. Let x be l(0). Suppose 87 = -j + x. Suppose 2*a = -u - u - j, -5*a = -3*u. Let s(v) = -v**2 - 3*v + 1. What is s(a)?
1
Let m(c) = -c**2 + 9*c + 44. Let t = -4090 + 4102. Give m(t).
8
Let x(c) = -45*c**2 + 6*c - 5. Let w(n) = n**3 - 6*n**2 + 44*n - 104. Let i be w(3). Determine x(i).
-44
Let m(b) = -8*b - 1. Suppose -2*i + 4*v = -6, -14 - 1 = 3*i + 2*v. Let t be i - -1*(-1 + 3). Give m(t).
7
Suppose -3*i = 15, -2*a + 2*i + 78 = 2*a. Let f(z) = a*z + 12*z + 11*z + 16*z - 58*z + 13. Determine f(8).
-3
Let q(j) = 2*j**2 + 12*j - 44. Let w be q(-8). Let k(p) = p**2 + 15*p - 18. What is k(w)?
-54
Suppose -47 = 4*u - 4*n + 13, -u + 4*n - 18 = 0. Let t(b) = 31 - 115*b + b**2 - 19 + 130*b. Determine t(u).
-2
Let z(h) = -h**2 + 5*h - 3. Let v(k) = -k**2 + 6*k + 4. Let r be v(6). Let x be z(r). Let i(t) = 33*t + 2*t - 6*t - 5*t - 17*t - 10*t. Determine i(x).
-3
Let a(b) = 5*b + 1. Let k be 1371/27 + (-18)/(-81). Suppose -t - 54 = -k. What is a(t)?
-14
Let g(j) = 384*j + 538. Let y(a) = 64*a + 87. Let r(c) = -6*g(c) + 37*y(c). Give r(0).
-9
Let a(d) = 4*d**2 - d + 2. Let m(u) = u - 7. Let w be m(8). Let i be a(w). Suppose -13*c = -8*c + i. Let y(x) = 17*x**2 + x + 1. What is y(c)?
17
Suppose 4*o - 50 = w + w, 0 = -o - 4*w - 1. Let j(s) = 5 - s + o*s - s**2 - 3*s. What is j(4)?
17
Let b(v) = -7*v**3 - 5*v**2 - 10*v. Let h(p) = p**3 + p. Let w(d) = b(d) + 6*h(d). Let g be (-54)/(-18)*(-6 - (56/(-7) - -3)). Give w(g).
-6
Let f(r) be the first derivative of r**3/6 + r**2 - 24*r + 14. Let m(c) be the first derivative of f(c). Let a be 2 + 1/((-5)/(-10)). What is m(a)?
6
Let h(u) = u**3 + 8*u**2 + 9*u - 2. Suppose 30*m + 2*o = 28*m - 14, 0 = 4*o. Determine h(m).
-16
Let q(w) = w**3 - 4*w**2 + 6*w + 1. Let o(b) = 716*b + 5. Let p be o(0). What i